, 5, 23, 71
What are the prime factors of 686565?
3, 5, 11, 19, 73
What are the prime factors of 778257?
3, 43, 2011
What are the prime factors of 1492693?
67, 22279
What are the prime factors of 107712?
2, 3, 11, 17
What are the prime factors of 538185?
3, 5, 35879
List the prime factors of 29298481.
23, 659, 1933
List the prime factors of 1352313.
3, 31, 37, 131
List the prime factors of 154775.
5, 41, 151
What are the prime factors of 1995118?
2, 263, 3793
List the prime factors of 4801627.
4801627
List the prime factors of 509486.
2, 269, 947
List the prime factors of 107738.
2, 103, 523
What are the prime factors of 8957903?
73, 277, 443
What are the prime factors of 108730?
2, 5, 83, 131
List the prime factors of 2966828.
2, 43, 47, 367
List the prime factors of 6279807.
3, 103, 20323
What are the prime factors of 219141?
3, 13, 1873
List the prime factors of 143082.
2, 3, 7949
List the prime factors of 274817.
274817
List the prime factors of 712341.
3, 7, 3769
List the prime factors of 10832147.
19, 570113
What are the prime factors of 221733?
3, 71, 347
What are the prime factors of 9633024?
2, 3, 37, 113
List the prime factors of 17068253.
17068253
List the prime factors of 9159806.
2, 4579903
List the prime factors of 1136783.
173, 6571
What are the prime factors of 1682289?
3, 7, 23, 43
List the prime factors of 2548851.
3, 31, 27407
List the prime factors of 1405962.
2, 3, 19, 4111
What are the prime factors of 8432987?
8432987
List the prime factors of 1645741.
863, 1907
What are the prime factors of 17707345?
5, 197, 17977
What are the prime factors of 4756740?
2, 3, 5, 79279
What are the prime factors of 708803?
708803
What are the prime factors of 17284265?
5, 751, 4603
What are the prime factors of 2638319?
2638319
What are the prime factors of 6192672?
2, 3, 251, 257
List the prime factors of 105147.
3, 7, 1669
What are the prime factors of 10615600?
2, 5, 26539
List the prime factors of 579966.
2, 3, 96661
List the prime factors of 475184.
2, 17, 1747
What are the prime factors of 1675560?
2, 3, 5, 13963
What are the prime factors of 206821?
206821
What are the prime factors of 9758102?
2, 17, 287003
What are the prime factors of 9343691?
7, 1334813
What are the prime factors of 614190?
2, 3, 5, 59, 347
What are the prime factors of 2614979?
79, 419
What are the prime factors of 1275647?
97, 13151
What are the prime factors of 5124637?
7, 157, 4663
List the prime factors of 11297902.
2, 7, 11, 73363
List the prime factors of 1667838.
2, 3, 137, 2029
What are the prime factors of 565239?
3, 29, 73, 89
What are the prime factors of 3426?
2, 3, 571
List the prime factors of 18652902.
2, 3, 3108817
List the prime factors of 396653.
103, 3851
What are the prime factors of 1362558?
2, 3, 227093
List the prime factors of 240269.
97, 2477
What are the prime factors of 463474?
2, 11, 21067
List the prime factors of 617542.
2, 17, 41, 443
What are the prime factors of 2111648?
2, 7, 11, 857
What are the prime factors of 238686?
2, 3, 7, 5683
What are the prime factors of 6701088?
2, 3, 29, 83
List the prime factors of 2771609.
2771609
List the prime factors of 9559525.
5, 17, 83, 271
List the prime factors of 684985.
5, 7, 19571
List the prime factors of 677116.
2, 11, 1399
List the prime factors of 206932.
2, 11, 4703
List the prime factors of 39310.
2, 5, 3931
What are the prime factors of 3709963?
71, 52253
List the prime factors of 210661.
11, 1741
List the prime factors of 330979.
11, 30089
What are the prime factors of 46442?
2, 11, 2111
What are the prime factors of 148173?
3, 49391
List the prime factors of 11890784.
2, 371587
List the prime factors of 292813.
23, 29, 439
List the prime factors of 112674.
2, 3, 89, 211
List the prime factors of 474666.
2, 3, 79111
List the prime factors of 578303.
11, 19, 2767
What are the prime factors of 713464?
2, 101, 883
List the prime factors of 9869779.
83, 118913
List the prime factors of 3667364.
2, 916841
What are the prime factors of 254366?
2, 7, 18169
List the prime factors of 5535179.
13, 425783
What are the prime factors of 2484622?
2, 7, 177473
What are the prime factors of 8909386?
2, 83, 191, 281
List the prime factors of 1835927.
1303, 1409
What are the prime factors of 332482?
2, 37, 4493
List the prime factors of 176477.
7, 17, 1483
List the prime factors of 16423709.
16423709
What are the prime factors of 449962?
2, 157, 1433
What are the prime factors of 17381177?
11, 1580107
What are the prime factors of 528200?
2, 5, 19, 139
What are the prime factors of 759013?
53, 14321
What are the prime factors of 827194?
2, 413597
What are the prime factors of 516320?
2, 5, 7, 461
List the prime factors of 260680.
2, 5, 7, 19
List the prime factors of 78568.
2, 7, 23, 61
What are the prime factors of 357958?
2, 89, 2011
What are the prime factors of 221504?
2, 3461
What are the prime factors of 3053574?
2, 3, 17, 587
What are the prime factors of 8748149?
17, 269, 1913
What are the prime factors of 11970616?
2, 7, 181, 1181
What are the prime factors of 15649679?
15649679
What are the prime factors of 36657450?
2, 3, 5, 29, 53
What are the prime factors of 347938?
2, 173969
What are the prime factors of 3796687?
113, 33599
List the prime factors of 1360180.
2, 5, 47, 1447
List the prime factors of 452599.
7, 19, 41, 83
List the prime factors of 2043513.
3, 47, 4831
What are the prime factors of 1213635?
3, 5, 80909
What are the prime factors of 906395?
5, 7, 19, 29, 47
What are the prime factors of 242168?
2, 30271
List the prime factors of 629214.
2, 3, 104869
What are the prime factors of 1583893?
29, 54617
What are the prime factors of 20900447?
41, 509767
What are the prime factors of 16969825?
5, 17, 39929
What are the prime factors of 653212?
2, 7, 41, 569
List the prime factors of 952934.
2, 476467
List the prime factors of 229582.
2, 191, 601
What are the prime factors of 6680125?
5, 53441
List the prime factors of 129767.
11, 47, 251
List the prime factors of 1706489.
1706489
List the prime factors of 37531.
13, 2887
List the prime factors of 298317.
3, 99439
List the prime factors of 28605641.
28605641
List the prime factors of 196361.
11, 17851
What are the prime factors of 11707640?
2, 5, 7, 41813
What are the prime factors of 3032752?
2, 189547
What are the prime factors of 140401?
140401
What are the prime factors of 1891620?
2, 3, 5, 31, 113
List the prime factors of 29026.
2, 23, 631
List the prime factors of 2792442.
2, 3, 465407
What are the prime factors of 448687?
448687
List the prime factors of 3054008.
2, 41, 9311
List the prime factors of 6423567.
3, 2141189
What are the prime factors of 342687?
3, 114229
What are the prime factors of 45498?
2, 3, 7583
What are the prime factors of 1107304?
2, 11, 12583
What are the prime factors of 4420122?
2, 3, 7, 19, 29, 191
List the prime factors of 141848.
2, 7, 17, 149
List the prime factors of 17095439.
17095439
List the prime factors of 271287.
3, 43, 701
List the prime factors of 17087023.
17, 19, 52901
List the prime factors of 384920.
2, 5, 9623
List the prime factors of 117601.
11, 10691
What are the prime factors of 12485109?
3, 7, 13, 19, 29, 83
What are the prime factors of 1048889?
1048889
What are the prime factors of 17253526?
2, 8626763
What are the prime factors of 8828670?
2, 3, 5, 294289
List the prime factors of 145147.
173, 839
List the prime factors of 945627.
3, 383, 823
List the prime factors of 2341719.
3, 260191
What are the prime factors of 811959?
3, 270653
List the prime factors of 128368.
2, 71, 113
What are the prime factors of 1181451?
3, 109, 3613
What are the prime factors of 52812?
2, 3, 163
List the prime factors of 899505.
3, 5, 2221
What are the prime factors of 6915571?
13, 23, 101, 229
List the prime factors of 787415.
5, 157483
List the prime factors of 3294103.
3294103
List the prime factors of 1986585.
3, 5, 132439
What are the prime factors of 78638?
2, 7, 41, 137
What are the prime factors of 34991375?
5, 157, 1783
List the prime factors of 53195.
5, 10639
What are the prime factors of 410998?
2, 7, 31, 947
What are the prime factors of 81205?
5, 109, 149
List the prime factors of 10853221.
29, 263, 1423
List the prime factors of 5501403.
3, 211, 2897
List the prime fac